d(l) = l**3 - 7*l**2 - 6*l. Calculate the remainder when d(8) is divided by 5.
1
Let x be ((-8)/(-3))/((-5)/(-15)). Let f be 1/(-2) - (-1564)/x. Suppose 4*b - f = b. What is the remainder when b is divided by 22?
21
Let d(w) = 12*w + 8. Let i be d(2). Suppose 7*y - i = 3*y. Suppose -2 = -t - 0*t. What is the remainder when y is divided by t?
0
Calculate the remainder when (2/(16/(-804)))/((-2)/4) is divided by 34.
31
Let y(v) = 2*v - 24. Let j = 73 + -58. Calculate the remainder when 34 is divided by y(j).
4
Suppose -b + 4*a + 0*a = 9, 4*b + 2*a - 18 = 0. What is the remainder when 0 + b - (-54 - 1) is divided by 12?
10
Suppose 2*s = -g - 7, -3*s - g - 1 = 7. What is the remainder when 21 is divided by 11 + 2 + (-2 - s)?
9
Let d = -32 + 46. Suppose 264 = 3*g + 240. What is the remainder when d is divided by g?
6
Let o(n) = -n**3 - 9*n**2 + 3. Let m(g) = -14*g**2 + 4*g**2 - g + 2*g. Let s be m(1). Calculate the remainder when o(s) is divided by 1.
0
Let i(b) = 61*b - 2437. Let w be (6/(-8))/((-1)/(-4)). What is the remainder when i(40) is divided by (2/3)/((-1)/w)?
1
Let p(x) = -47*x**2 + 2 + 5 + 52*x**2 + 2*x. What is the remainder when p(3) is divided by 15?
13
Let g(d) = 1 - 3*d - 5 - 8. What is the remainder when 3/(-2 + (-11)/(-5)) is divided by g(-6)?
3
Suppose 5*w - 8*w + 11 = 5*d, -4 = -4*d. Calculate the remainder when 18 is divided by w.
0
Let x(l) = -17*l - 14. Let z be x(-10). Suppose -h - 5*h + z = 0. Calculate the remainder when 102 is divided by h.
24
Let s(x) = x**2 + x + 5. Suppose -314 = -5*l + 106. Calculate the remainder when l is divided by s(3).
16
Let g(f) = 55*f + 33. What is the remainder when g(21) is divided by 41?
40
Suppose 0 = -2*r - g + 175, 0 = 5*r - 0*g - 2*g - 424. Calculate the remainder when r is divided by 8.
6
Let u be (0 - 0 - 1) + -1. What is the remainder when (288/10)/(2/(-20)*u) is divided by 37?
33
Suppose -u - 2*u + 25 = -4*z, 3 = 3*z + 5*u. Let o be (z/3)/((-4)/42). Suppose 10*d - o*d + 188 = 0. What is the remainder when d is divided by 24?
23
Let g = 26 + 93. What is the remainder when g is divided by 10?
9
Let d = -12 - -16. Let p(m) = m**3 + 3*m - 3. Let u be p(d). Suppose -u = -5*w + 17. What is the remainder when 69 is divided by w?
15
Suppose -5*t + 165 = -5*x, 3*x - 110 = -3*t + 7. What is the remainder when t is divided by 19?
17
Let v(i) = -5*i**2 + 44*i - 119. Let h(o) = o**2 - 11*o + 30. Let f(l) = 9*h(l) + 2*v(l). What is the remainder when f(-13) is divided by 5?
1
Let i = -175 - -175. Suppose 5*a - 3*n - 1 = 0, -6*n + 2*n + 12 = 0. Suppose 22 = -i*t + a*t. Calculate the remainder when t is divided by 4.
3
Let l(y) = 105*y. Let a be l(2). Suppose 0 = 3*x - 4*z - 158, 4*x + x + 4*z = a. Calculate the remainder when x is divided by 12.
10
Suppose -5*c = 2*p - 54 - 93, 4*p = -3*c + 273. Let v = -15 + 38. What is the remainder when p is divided by v?
20
Let d be -1 + 2/3*(-21)/(-14). Let x be 1*-24*(-2)/2. Suppose d = n + n - x. Calculate the remainder when 45 is divided by n.
9
Suppose -3*h = -4*m - m + 133, -4*m = 3*h - 128. Calculate the remainder when 72 is divided by m.
14
What is the remainder when 164 is divided by 10/35 + 6253/91?
26
Suppose d = -n + 6*n + 8, -n = -4*d + 89. Suppose r + 3*u = -10, 2*u + 7 = 4*r - d. Suppose 278 = r*g - 87. What is the remainder when g is divided by 19?
16
Let k(z) = 288*z + 1732. What is the remainder when 1/((1*-2)/(-60)) is divided by k(-6)?
2
Suppose -20 = -4*m - 3*r + 14, -r + 38 = 4*m. Calculate the remainder when m is divided by (-8)/(-4 + 0 + 3).
2
Calculate the remainder when -5 + (-183)/(-3) + 3 is divided by 15.
14
Let r(z) = -4*z**3 + 2*z + 1. Let t be r(-1). Suppose t*x = 4*x + 2. What is the remainder when 9 is divided by x/(-9) - (-430)/90?
4
Let k be 12*(-7)/(-2) + -2. Suppose 5*b = -0*b + k. Calculate the remainder when 23 is divided by (6/b)/((-5)/(-80)).
11
Suppose -w - 339 = -346. What is the remainder when 11 is divided by w?
4
What is the remainder when 290/45 - (-20)/(-45) is divided by 5?
1
Let n(t) = -t**2 - 27*t - 16. What is the remainder when 284 is divided by n(-26)?
4
Let g be (-1)/(-1) - -10 - 1. Let i(h) = -h**3 - 7*h**2 - 6*h + 6. What is the remainder when 98/g - 9/(-45) is divided by i(-6)?
4
Suppose 40 = 3*a - a - 5*j, 3*a + 4*j = 37. What is the remainder when 7/21*(-96)/(-1) - 3 is divided by a?
14
Suppose 10*o + 79 = 439. Calculate the remainder when o is divided by 19.
17
Suppose 0 = 4*g + 5*q - 2162, -3*g - 9*q + 6*q = -1623. Calculate the remainder when g is divided by 7.
4
Let f(d) = -d**3 + 8*d**2 - 2*d - 12. Calculate the remainder when f(6) is divided by (-98)/(-4) - 1/(-2).
23
Suppose -2*z = 2*z + 52. Let x = z + 14. Calculate the remainder when x is divided by 1.
0
Let n(d) = -d**2. Let c be n(-1). Calculate the remainder when 135/c*1/(-3) is divided by 23.
22
Suppose -5 = -2*b - 257. Let o = -76 - b. Suppose -2*x = 3*n - o, 2*n = -n + 2*x + 70. Calculate the remainder when n is divided by 11.
9
Let n(k) = 7*k**2 - k - 2. Let o be 14/(-7) - 4/(-2). Suppose o*t + t = 2. Calculate the remainder when n(-1) is divided by t.
0
Let v(u) = -2*u**3 + 7*u - 14. Calculate the remainder when 226 is divided by v(-3).
17
Suppose a + w - 27 = -2*a, 4*a = w + 36. What is the remainder when 4/(12/153) + 0 is divided by a?
6
Calculate the remainder when 8 - 1960/(1 + -6) is divided by 81.
76
Let r = 597 - 504. What is the remainder when r is divided by 8?
5
Let y be (-2)/5 + (-256)/10. Let f = y + -41. Let n = f + 105. Calculate the remainder when n is divided by 13.
12
Let k = 476 + -455. What is the remainder when 206 is divided by k?
17
Suppose -12*x - 497 = -19*x. Let u = -3 + 5. Suppose u = -4*z + 74. Calculate the remainder when x is divided by z.
17
Let h be (-2)/4*0/6. Suppose 4*m - 149 + 5 = h. Suppose -2*o - 4*p = -m, 3*p = o + p - 6. Calculate the remainder when o is divided by 5.
2
Suppose 0 = -4*d - 76 + 220. Suppose -706 = 2*t - 7*t - 2*w, -3*w = 4*t - 562. What is the remainder when t is divided by d?
34
What is the remainder when ((-71910)/12)/(-15) - (-3)/6 is divided by 15?
10
Let u be (2 + 10)*32*8/(-48). Let q be ((-4)/3)/((-3)/225). Let h = q + u. What is the remainder when h is divided by 20?
16
Calculate the remainder when ((-22)/8)/((-18)/504) is divided by 4.
1
Let l(d) = 2*d**2 - 6 - 5 - 17 + 3*d + 13*d. Let i = -36 - -62. Calculate the remainder when l(-13) is divided by i.
24
Suppose 5*n + 219 = 1164. Calculate the remainder when n is divided by 10.
9
What is the remainder when 491 is divided by (8466/54)/17 - (-2)/(-9)?
5
Let j be 1 - (-3*14 + -1). Suppose 4*x + j = 212. What is the remainder when x is divided by 22?
20
Suppose 63 = -14*d + 13*d. Let k = 76 + d. Calculate the remainder when k is divided by 4.
1
Let g(f) = -3*f**3 + 2*f**2 + 5*f + 4. Let z(m) = -m**2 + 2*m + 7. Let c be z(4). What is the remainder when 9 is divided by g(c)?
1
Let p(x) = 3*x**2 - 11*x + 4. Let h be p(4). Let m(o) = o**3 - 2*o. Let r be m(-2). What is the remainder when (-259)/r - (-2)/h is divided by 17?
14
Suppose l + u = 46, -5*l - 4*u + 150 = -78. Calculate the remainder when l is divided by 3.
2
Suppose -5*s - 3*l - 86 = 0, 5*s + 65 + 42 = 4*l. Let i = s + 36. Let g(f) = -f**3 - f**2 - f + 6. What is the remainder when i is divided by g(0)?
5
Suppose 0 = 4*p + 231 - 259. Calculate the remainder when 52 is divided by p.
3
Suppose 2*f - 425 = -3*f - 3*t, 0 = -4*f - 2*t + 340. Calculate the remainder when f is divided by 10 + ((-104)/(-91) - (-2)/(-14)).
8
Let y = 499 + -476. What is the remainder when 54 is divided by y?
8
Suppose -9*c + 192 = -c. Calculate the remainder when 45 is divided by c.
21
Let h be (-2 - (-1 - 0))*-79. Let i = h + -24. Suppose 2*c = -3*c + 70. Calculate the remainder when i is divided by c.
13
Let k(d) = -d**3 - 5*d**2 - 4*d + 2. Let q be k(-4). Suppose -q*s + 26 + 62 = 0. What is the remainder when s is divided by 16?
12
Suppose -3125 = -18*d - 749. Calculate the remainder when 200 is divided by d.
68
Let r(s) = -6*s - 66. Calculate the remainder when (-6)/(-15) - 706/(-10) is divided by r(-13).
11
Let j = -19 + 37. Let g be j/2 + (6 - 9). Calculate the remainder when 1 is divided by (7 - (g + -3)) + -3.
0
Suppose -c + 95 = 100. Let o = -4 - -13. Calculate the remainder when 